reds digit of 12805902?
9
What is the hundreds digit of 60636?
6
What is the millions digit of 1842588?
1
What is the tens digit of 1902724?
2
What is the tens digit of 104619?
1
What is the tens digit of 9576162?
6
What is the ten thousands digit of 36893223?
9
What is the units digit of 364508?
8
What is the hundred thousands digit of 105671?
1
What is the hundred thousands digit of 250577?
2
What is the hundred thousands digit of 22262618?
2
What is the hundred thousands digit of 13589091?
5
What is the ten thousands digit of 212122?
1
What is the hundreds digit of 2973711?
7
What is the units digit of 2471944?
4
What is the millions digit of 5654031?
5
What is the hundred thousands digit of 736959?
7
What is the ten thousands digit of 925430?
2
What is the units digit of 433139?
9
What is the millions digit of 8652373?
8
What is the thousands digit of 640089?
0
What is the thousands digit of 896858?
6
What is the tens digit of 2917598?
9
What is the thousands digit of 1800748?
0
What is the units digit of 492623?
3
What is the tens digit of 9620?
2
What is the thousands digit of 172283?
2
What is the units digit of 673202?
2
What is the tens digit of 410365?
6
What is the hundred thousands digit of 2844195?
8
What is the ten millions digit of 12606457?
1
What is the ten thousands digit of 7188417?
8
What is the ten millions digit of 12254714?
1
What is the tens digit of 1753987?
8
What is the millions digit of 1825715?
1
What is the hundreds digit of 1386607?
6
What is the hundreds digit of 1506945?
9
What is the hundreds digit of 20567139?
1
What is the tens digit of 19606554?
5
What is the hundred thousands digit of 7839702?
8
What is the ten thousands digit of 805506?
0
What is the thousands digit of 341657?
1
What is the hundreds digit of 121565?
5
What is the tens digit of 163102?
0
What is the units digit of 854042?
2
What is the thousands digit of 353441?
3
What is the millions digit of 1181138?
1
What is the thousands digit of 477522?
7
What is the tens digit of 2573050?
5
What is the hundreds digit of 85904?
9
What is the hundred thousands digit of 1298950?
2
What is the thousands digit of 2378257?
8
What is the hundreds digit of 7901940?
9
What is the ten thousands digit of 397580?
9
What is the millions digit of 1985382?
1
What is the units digit of 613051?
1
What is the hundred thousands digit of 961414?
9
What is the hundred thousands digit of 3644466?
6
What is the hundreds digit of 305403?
4
What is the units digit of 43358?
8
What is the units digit of 102783?
3
What is the hundreds digit of 712879?
8
What is the ten millions digit of 11516708?
1
What is the hundreds digit of 1144971?
9
What is the millions digit of 2608379?
2
What is the thousands digit of 10506001?
6
What is the ten thousands digit of 2335397?
3
What is the hundreds digit of 6437395?
3
What is the millions digit of 3042707?
3
What is the hundred thousands digit of 322983?
3
What is the hundred thousands digit of 412028?
4
What is the hundred thousands digit of 1981272?
9
What is the tens digit of 3133579?
7
What is the units digit of 16485100?
0
What is the hundreds digit of 310025?
0
What is the thousands digit of 453799?
3
What is the hundred thousands digit of 16248547?
2
What is the thousands digit of 44127?
4
What is the ten thousands digit of 2528198?
2
What is the millions digit of 1837311?
1
What is the thousands digit of 18215441?
5
What is the thousands digit of 857779?
7
What is the thousands digit of 84337?
4
What is the millions digit of 1031702?
1
What is the ten thousands digit of 52496?
5
What is the hundreds digit of 98499?
4
What is the hundred thousands digit of 2418901?
4
What is the hundred thousands digit of 197111?
1
What is the hundreds digit of 1594455?
4
What is the thousands digit of 804009?
4
What is the tens digit of 1131665?
6
What is the millions digit of 1676220?
1
What is the tens digit of 5612669?
6
What is the thousands digit of 797748?
7
What is the hundred thousands digit of 7760378?
7
What is the units digit of 44526?
6
What is the millions digit of 17404078?
7
What is the hundreds digit of 204062?
0
What is the units digit of 558884?
4
What is the thousands digit of 457900?
7
What is the tens digit of 17014810?
1
What is the hundreds digit of 1139056?
0
What is the hundred thousands digit of 351421?
3
What is the tens digit of 2184016?
1
What is the millions digit of 11995990?
1
What is the ten thousands digit of 3059699?
5
What is the hundreds digit of 4142050?
0
What is the hundreds digit of 2424425?
4
What is the units digit of 501509?
9
What is the tens digit of 217740?
4
What is the thousands digit of 2309606?
9
What is the hundreds digit of 2215195?
1
What is the millions digit of 1497672?
1
What is the thousands digit of 16475605?
5
What is the millions digit of 3716434?
3
What is the ten thousands digit of 1572816?
7
What is the tens digit of 401961?
6
What is the units digit of 98129?
9
What is the thousands digit of 87243?
7
What is the hundreds digit of 204461?
4
What is the ten thousands digit of 1214962?
1
What is the tens digit of 732809?
0
What is the ten thousands digit of 250362?
5
What is the tens digit of 4709?
0
What is the hundreds digit of 524244?
2
What is the units digit of 8271995?
5
What is the tens digit of 10310611?
1
What is the ten thousands digit of 20575307?
7
What is the thousands digit of 41630?
1
What is the hundred thousands digit of 2425685?
4
What is the units digit of 6112052?
2
What is the hundreds digit of 12862381?
3
What is the units digit of 445375?
5
What is the units digit of 116359?
9
What is the hundred thousands digit of 910233?
9
What is the thousands digit of 67177?
7
What is the thousands digit of 409294?
9
What is the units digit of 1532826?
6
What is the units digit of 517080?
0
What is the millions digit of 9891070?
9
What is the units digit of 519260?
0
What is the thousands digit of 1670392?
0
What is the ten thousands digit of 7230365?
3
What is the thousands digit of 3093792?
3
What is the units digit of 2497598?
8
What is the hundred thousands digit of 140578?
1
What is the units digit of 404767?
7
What is the thousands digit of 265518?
5
What is the ten thousands digit of 70417?
7
What is the hundreds digit of 202104?
1
What is the hundreds digit of 2013080?
0
What is the tens digit of 443645?
4
What is the thousands digit of 2507540?
7
What is the units digit of 24496?
6
What is the ten millions digit of 43890426?
4
What is the units digit of 7081805?
5
What is the hundred thousands digit of 665604?
6
What is the hundreds digit of 623704?
7
What is the thousands digit of 1526822?
6
What is the ten thousands digit of 1612326?
1
What is the units digit of 101780?
0
What is the hundreds digit of 214022?
0
What is the hundred thousands digit of 6882509?
8
What is the millions digit of 2471370?
2
What is the thousands digit of 3900?
3
What is the ten millions digit of 18747887?
1
What is the thousands digit of 250666?
0
What is the thousands digit of 3935114?
5
What is the hundred thousands digit of 19864431?
8
What is the tens digit of 3060395?
9
What is the hundred thousands digit of 15518872?
5
What is the millions digit of 7466666?
7
What is the units digit of 2551689?
9
What is the hundreds digit of 560381?
3
What is the hundred thousands digit of 3744740?
7
What is the hundred thousands digit of 1551497?
5
What is the ten thousands digit of 62588?
6
What is the units digit of 302032?
2
What is the thousands digit of 230087?
0
What is the hundreds digit of 1498307?
3
What is the units digit of 355603?
3
What is the ten thousands digit of 14684038?
8
What is the units digit of 22036302?
2
What is the millions digit of 1540296?
1
What is the hundreds digit of 15059760?
7
What is the millions digit of 5867742?
5
What is the hundreds digit of 432299?
2
What is the hundred thousands digit of 252621?
2
What is the hundreds digit of 59470?
4
What is the hundreds digit of 785040?
0
What is the units digit of 376912?
2
What is the hundred thousands digit of 4139959?
1
What is the ten thousands digit of 150705?
5
What is the ten thousands digit of 6222254?
2
What is the hundred thousands digit of 2633025?
6
What is the ten thousands digit of 182582?
8
What is t